tors of 251085600.
2, 3, 5, 43, 811
List the prime factors of 63759266.
2, 23, 103, 13457
List the prime factors of 335547446.
2, 13, 349, 36979
List the prime factors of 563115944.
2, 70389493
What are the prime factors of 13903028?
2, 3475757
List the prime factors of 181814173.
19, 71, 134777
List the prime factors of 16593134.
2, 53, 156539
List the prime factors of 3058286094.
2, 3, 17, 19, 103, 5107
What are the prime factors of 343321834?
2, 17, 79, 127819
List the prime factors of 24032417.
1627, 14771
What are the prime factors of 353351988?
2, 3, 11, 97, 9199
What are the prime factors of 171747611?
7, 73, 336101
List the prime factors of 24011250.
2, 3, 5, 19, 337
List the prime factors of 26290110.
2, 3, 5, 7, 11, 19, 599
List the prime factors of 1153051615.
5, 230610323
List the prime factors of 182256261.
3, 11, 5522917
List the prime factors of 18132602.
2, 23, 394187
What are the prime factors of 649160391?
3, 11, 2687, 7321
List the prime factors of 46532480.
2, 5, 72707
List the prime factors of 2197735163.
13, 17, 9944503
What are the prime factors of 4726716308?
2, 79, 89, 168067
List the prime factors of 429639363.
3, 15912569
List the prime factors of 15828438.
2, 3, 2638073
List the prime factors of 935697499.
11, 29, 131, 22391
What are the prime factors of 114646247?
19, 1619, 3727
What are the prime factors of 4753781350?
2, 5, 349, 272423
List the prime factors of 149034821.
13, 11464217
What are the prime factors of 585933730?
2, 5, 17, 3446669
What are the prime factors of 1791115761?
3, 53, 11264879
List the prime factors of 435771315.
3, 5, 7, 1383401
List the prime factors of 1397765610.
2, 3, 5, 107, 173, 839
What are the prime factors of 115036187?
7, 16433741
What are the prime factors of 2482335254?
2, 7, 37, 4792153
What are the prime factors of 4512098007?
3, 4597, 36353
What are the prime factors of 132853498?
2, 5107, 13007
List the prime factors of 504416324.
2, 126104081
What are the prime factors of 75084710?
2, 5, 463, 16217
What are the prime factors of 35160584?
2, 43, 2377
List the prime factors of 2454470.
2, 5, 71, 3457
What are the prime factors of 3488458014?
2, 3, 193803223
What are the prime factors of 565374509?
7, 1901, 42487
What are the prime factors of 336293820?
2, 3, 5, 139, 13441
What are the prime factors of 23947989?
3, 13, 614051
List the prime factors of 178979162.
2, 17, 97, 54269
What are the prime factors of 139627950?
2, 3, 5, 7, 11, 157
List the prime factors of 175582603.
7, 25083229
What are the prime factors of 615175421?
7, 107, 821329
List the prime factors of 1483391246.
2, 109, 367, 18541
What are the prime factors of 221164476?
2, 3, 13, 367, 3863
List the prime factors of 9195181.
17, 127, 4259
What are the prime factors of 1041360802?
2, 520680401
List the prime factors of 1475132700.
2, 3, 5, 4917109
List the prime factors of 17657630.
2, 5, 607, 2909
List the prime factors of 3469658.
2, 103, 16843
List the prime factors of 130236101.
1607, 81043
What are the prime factors of 266645772?
2, 3, 19, 349, 1117
List the prime factors of 62069136.
2, 3, 97, 13331
What are the prime factors of 168922599?
3, 56307533
What are the prime factors of 237323150?
2, 5, 1223, 3881
What are the prime factors of 2311259490?
2, 3, 5, 379, 67759
List the prime factors of 104231839.
104231839
What are the prime factors of 6606876610?
2, 5, 97, 6811213
What are the prime factors of 13840445?
5, 97, 28537
List the prime factors of 6558528.
2, 3, 34159
What are the prime factors of 424269818?
2, 7, 251, 120737
List the prime factors of 595869254.
2, 97, 151, 20341
List the prime factors of 1011023253.
3, 337, 333341
What are the prime factors of 35572784?
2, 13, 171023
List the prime factors of 226928485.
5, 7, 6483671
List the prime factors of 122350902.
2, 3, 20391817
What are the prime factors of 900908259?
3, 12967, 23159
List the prime factors of 2632780414.
2, 11, 157, 762241
List the prime factors of 21700064.
2, 97, 6991
What are the prime factors of 461622105?
3, 5, 7, 557, 877
What are the prime factors of 31048607?
31048607
List the prime factors of 13077512.
2, 7, 73, 457
What are the prime factors of 1545894594?
2, 3, 79, 991, 1097
What are the prime factors of 164271116?
2, 41067779
What are the prime factors of 2393722091?
1901, 1259191
List the prime factors of 142640031.
3, 47546677
What are the prime factors of 4125875717?
373, 11061329
List the prime factors of 66306859.
313, 349, 607
What are the prime factors of 618656955?
3, 5, 7, 5891971
List the prime factors of 55021070.
2, 5, 13, 67, 6317
What are the prime factors of 1412921225?
5, 19, 1117, 2663
List the prime factors of 196937721.
3, 43, 73, 6971
List the prime factors of 4846236379.
4846236379
What are the prime factors of 332488977?
3, 110829659
What are the prime factors of 3163769171?
293, 10797847
List the prime factors of 8520425312.
2, 7, 38037613
What are the prime factors of 306324215?
5, 61264843
List the prime factors of 254297108.
2, 13, 23, 149, 1427
What are the prime factors of 47805265?
5, 9561053
What are the prime factors of 452671627?
173, 2616599
List the prime factors of 2649165519.
3, 7, 11, 13, 882173
List the prime factors of 1387768297.
1387768297
What are the prime factors of 409296880?
2, 5, 5116211
List the prime factors of 15472290.
2, 3, 5, 37, 53, 263
List the prime factors of 228626649.
3, 1367, 18583
What are the prime factors of 84342109?
84342109
List the prime factors of 38172712.
2, 4771589
List the prime factors of 671537163.
3, 11, 20349611
List the prime factors of 240984042.
2, 3, 13, 3089539
What are the prime factors of 992304794?
2, 13, 2935813
What are the prime factors of 1162497721?
7, 11, 617, 24469
List the prime factors of 1273537411.
653, 1950287
What are the prime factors of 134272473?
3, 44757491
What are the prime factors of 676307367?
3, 25048421
List the prime factors of 242866098.
2, 3, 13492561
What are the prime factors of 2236463545?
5, 281, 349, 4561
List the prime factors of 2620561794.
2, 3, 436760299
What are the prime factors of 6021524335?
5, 149, 277, 29179
What are the prime factors of 260890751?
11, 53, 661, 677
List the prime factors of 1571689237.
1571689237
List the prime factors of 2969029397.
9619, 308663
What are the prime factors of 50184226?
2, 31, 809423
List the prime factors of 639129871.
639129871
What are the prime factors of 86573374?
2, 673, 64319
What are the prime factors of 165153899?
8273, 19963
List the prime factors of 74161157.
7, 17, 5237
What are the prime factors of 144864808?
2, 11, 41, 40151
List the prime factors of 99625026.
2, 3, 1433, 11587
What are the prime factors of 816978797?
229, 3567593
List the prime factors of 4839104329.
71, 68156399
List the prime factors of 702159857.
7, 17, 43, 19603
What are the prime factors of 789464735?
5, 43, 3671929
List the prime factors of 3986712411.
3, 11, 19, 293, 21701
What are the prime factors of 38332723?
11, 13, 181, 1481
List the prime factors of 45530468.
2, 11382617
List the prime factors of 77038277.
77038277
List the prime factors of 345634069.
11, 31421279
List the prime factors of 2737741853.
7, 11, 35555089
List the prime factors of 440896795.
5, 88179359
What are the prime factors of 93240826?
2, 7, 951437
What are the prime factors of 874195017?
3, 23, 12669493
List the prime factors of 50266822.
2, 23, 1092757
List the prime factors of 5545888466.
2, 277, 10010629
List the prime factors of 29795658.
2, 3, 4965943
What are the prime factors of 112540679?
23, 4893073
List the prime factors of 175563351.
3, 101, 193139
List the prime factors of 1446799.
173, 8363
List the prime factors of 129783856.
2, 31, 53, 4937
List the prime factors of 6010333.
7, 17, 2971
What are the prime factors of 11688288?
2, 3, 109, 1117
What are the prime factors of 224127266?
2, 11, 43, 79, 2999
What are the prime factors of 103309767?
3, 11, 23, 59, 769
List the prime factors of 39382965.
3, 5, 17, 51481
What are the prime factors of 2028970017?
3, 9883, 22811
What are the prime factors of 882037509?
3, 797, 368899
What are the prime factors of 635563687?
11, 137, 421741
List the prime factors of 1514177140.
2, 5, 7, 53, 204067
List the prime factors of 4166237809.
416